f 43792?
True
Is 830205 a multiple of 171?
True
Is 196 a factor of 841820?
True
Does 171 divide 20159369?
False
Is 918873 a multiple of 21?
False
Does 35 divide 12811120?
True
Does 396 divide 753650?
False
Is 11327 a multiple of 4?
False
Is 25 a factor of 784721?
False
Is 64 a factor of 1068864?
True
Is 8 a factor of 198122?
False
Is 195 a factor of 124807?
False
Is 33 a factor of 1030695?
False
Is 321 a factor of 53224?
False
Is 488 a factor of 2270828?
False
Does 91 divide 1308338?
False
Does 47 divide 190104?
False
Is 156 a factor of 216684?
True
Does 647 divide 6071448?
True
Is 15321002 a multiple of 59?
True
Does 13 divide 312691?
False
Does 5 divide 264232?
False
Does 3 divide 161509?
False
Is 303 a factor of 2389311?
False
Does 1275 divide 3267825?
True
Is 474 a factor of 9751392?
False
Is 257458 a multiple of 5?
False
Does 17 divide 3216916?
False
Does 129 divide 8460852?
True
Is 1085175 a multiple of 273?
True
Is 594165 a multiple of 39?
True
Does 31 divide 1088131?
True
Is 15 a factor of 1968975?
True
Is 420 a factor of 187057?
False
Is 9 a factor of 152955?
True
Does 296 divide 167832?
True
Does 96 divide 157248?
True
Does 6 divide 2579370?
True
Does 15 divide 12997351?
False
Is 18546176 a multiple of 1408?
True
Is 147 a factor of 185514?
True
Is 383 a factor of 201044?
False
Is 12092903 a multiple of 77?
False
Is 9 a factor of 133591?
False
Is 24 a factor of 2745597?
False
Is 26 a factor of 954148?
True
Is 2 a factor of 8702?
True
Does 140 divide 54040?
True
Is 98294 a multiple of 59?
True
Is 1219 a factor of 1835684?
False
Is 371190 a multiple of 10?
True
Is 32 a factor of 836956?
False
Is 6382170 a multiple of 23?
False
Is 6 a factor of 11874?
True
Does 13 divide 404288?
False
Is 81 a factor of 158679?
True
Is 18 a factor of 14770?
False
Is 1713 a factor of 741729?
True
Is 12081914 a multiple of 8?
False
Is 7 a factor of 568780?
False
Does 5 divide 2696415?
True
Is 5739575 a multiple of 165?
False
Does 16 divide 18514538?
False
Is 344920 a multiple of 3?
False
Is 97 a factor of 3596889?
False
Does 2 divide 38217?
False
Does 6 divide 35362?
False
Does 6 divide 623664?
True
Does 22 divide 42548?
True
Does 168 divide 111940?
False
Does 42 divide 48510?
True
Is 249942 a multiple of 21?
True
Does 529 divide 13475432?
False
Is 3343232 a multiple of 19?
False
Is 5212187 a multiple of 467?
True
Is 314730 a multiple of 234?
True
Is 564624 a multiple of 16?
True
Is 14 a factor of 160328?
True
Is 15459855 a multiple of 93?
True
Does 66 divide 60192?
True
Is 92840 a multiple of 44?
True
Is 6666375 a multiple of 64?
False
Is 165195 a multiple of 7?
False
Is 30 a factor of 324833?
False
Is 10 a factor of 13024?
False
Is 188 a factor of 1164921?
False
Is 86952 a multiple of 12?
True
Does 101 divide 13547534?
True
Does 223 divide 1563827?
False
Is 818376 a multiple of 559?
True
Does 90 divide 124514?
False
Does 578 divide 2743766?
True
Is 334 a factor of 1043399?
False
Is 1004268 a multiple of 107?
False
Is 1502046 a multiple of 262?
True
Is 88 a factor of 48403?
False
Is 177126 a multiple of 3?
True
Does 9 divide 14652?
True
Is 74489 a multiple of 911?
False
Does 733 divide 254351?
True
Is 73 a factor of 101470?
True
Is 18 a factor of 4629?
False
Is 41268 a multiple of 76?
True
Is 71956 a multiple of 240?
False
Does 106 divide 105894?
True
Is 140 a factor of 740493?
False
Does 126 divide 84042?
True
Is 136 a factor of 104212?
False
Is 382 a factor of 4799066?
True
Is 12 a factor of 109152?
True
Does 287 divide 6215559?
True
Does 11 divide 1381155?
False
Is 458 a factor of 1602616?
False
Does 473 divide 2089329?
False
Is 954 a factor of 10889910?
True
Does 1051 divide 4424710?
True
Does 97 divide 393432?
True
Is 3 a factor of 4466169?
True
Is 12 a factor of 167820?
True
Is 58 a factor of 636376?
True
Is 371683 a multiple of 928?
False
Is 381 a factor of 518160?
True
Is 1356597 a multiple of 71?
True
Is 952 a multiple of 14?
True
Is 479180 a multiple of 247?
True
Is 10 a factor of 96873?
False
Does 888 divide 649128?
True
Is 8 a factor of 123488?
True
Is 16861823 a multiple of 46?
False
Is 14 a factor of 66346?
True
Is 38 a factor of 174811?
False
Does 10 divide 2054149?
False
Does 80 divide 10909?
False
Is 438088 a multiple of 28?
True
Does 28 divide 4628232?
True
Is 82108 a multiple of 13?
True
Is 22 a factor of 74844?
True
Is 77 a factor of 692830?
False
Is 16 a factor of 3690362?
False
Does 123 divide 37073?
False
Does 201 divide 849828?
True
Does 12 divide 66504?
True
Does 367 divide 1696274?
True
Is 75683 a multiple of 218?
False
Is 9 a factor of 370152?
True
Is 10592 a multiple of 25?
False
Is 251 a factor of 18182563?
False
Is 568 a factor of 11793646?
False
Does 29 divide 879940?
False
Is 78 a factor of 253200?
False
Is 2082352 a multiple of 8?
True
Is 80345 a multiple of 4?
False
Is 249 a factor of 1787915?
False
Is 62 a factor of 16072?
False
Does 1020 divide 13810329?
False
Is 9 a factor of 53496?
True
Is 14 a factor of 73556?
True
Does 7 divide 319417?
True
Does 42 divide 36078?
True
Does 104 divide 635598?
False
Does 237 divide 1341041?
False
Does 89 divide 5768980?
True
Does 12 divide 378043?
False
Is 7 a factor of 1621851?
True
Is 550 a factor of 169405?
False
Is 16 a factor of 1037248?
True
Does 1373 divide 4232773?
False
Is 4 a factor of 61941?
False
Is 13060 a multiple of 4?
True
Is 337637 a multiple of 83?
False
Does 1172 divide 2099796?
False
Is 436625 a multiple of 25?
True
Does 450 divide 126000?
True
Does 8 divide 2527473?
False
Is 195810 a multiple of 23?
False
Does 15 divide 365145?
True
Is 7565775 a multiple of 100?
False
Does 431 divide 541767?
True
Is 1068236 a multiple of 8?
False
Is 3345762 a multiple of 1071?
False
Does 267 divide 151717?
False
Does 710 divide 264120?
True
Is 3461614 a multiple of 754?
True
Is 45 a factor of 6633620?
False
Is 201 a factor of 7481019?
True
Is 675 a factor of 2802608?
False
Is 5142176 a multiple of 20?
False
Does 95 divide 400805?
True
Is 3 a factor of 31152?
True
Is 5893156 a multiple of 59?
True
Is 296 a factor of 138112?
False
Is 42 a factor of 56407?
False
Is 225225 a multiple of 75?
True
Does 2064 divide 4846133?
False
Is 261 a factor of 81432?
True
Does 154 divide 1294832?
True
Is 1554756 a multiple of 1561?
True
Does 21 divide 957348?
True
Does 51 divide 2767812?
False
Does 18 divide 20817668?
False
Is 855618 a multiple of 354?
True
Is 15 a factor of 392812?
False
Does 162 divide 735318?
True
Does 10 divide 627280?
True
Is 8 a factor of 329648?
True
Does 47 divide 435302?
False
Does 439 divide 6601576?
False
Is 156234 a multiple of 363?
False
Is 13 a factor of 1951948?
False
Does 14 divide 127638?
True
Is 21 a factor of 548205?
True
Does 9 divide 122265?
True
Is 485 a factor of 12339855?
True
Is 1661 a factor of 6163229?
False
Does 68 divide 498720?
False
Does 13 divide 332358?
True
Is 331 a factor of 171789?
True
Is 135900 a multiple of 50?
True
Does 27 divide 384804?
True
Does 10 divide 721805?
False
Is 25 a factor of 273925?
True
Does 556 divide 13217943?
False
Is 55 a factor of 165660?
True
Does 97 divide 607964?
False
Is 6 a factor of 1355328?
True
Is 6264 a multiple of 522?
True
Is 12097 a multiple of 104?
False
Is 8 a factor of 272502?
False
Is 1104569 a multiple of 73?
False
Is 16 a factor of 2749445?
False
Does 252 divide 345259?
False
Is 2691867 a multiple of 56?
False
Is 441318 a multiple of 82?
False
Is 5 a factor of 2746007?
False
Does 8 divide 94752?
True
Does 96 divide 3608111?
False
Is 9453278 a multiple of 10?
False
Is 95661 a multiple of 21?
False
Is 358 a factor of 1340352?
True
Is 572918 a multiple of 32?
False
Does 112 divide 2460640?
True
Does 692 divide 41518?
False
Is 3 a factor of 2912733?
True
Is 94 a factor of 1538216?
True
Is 19 a factor of 9888247?
False
Is 134 a factor of 739503?
False
Is 502112 a multiple of 15?
False
Does 43 divide 390707?
False
Is 901260 a multiple of 1137?
False
Is 544 a factor of 1910033?
False
Does 103 divide 1818932?
False
Is 833055 a multiple of 599?
False
Is 13 a factor of 1597017?
False
Is 347 a factor of 549301?
True
Is 32 a factor of 1026?
False
Is 143085 a multiple of 4?
False
Is 337 a factor of 267241?
True
Is 597257 a multiple of 191?
True
Does 516 divide 128353?
False
Is 228 a factor of 1180584?
True
Does 479 